[INFO] cloning repository https://github.com/gswirski/blobby_volley
[INFO] running `Command { std: "git" "-c" "credential.helper=" "-c" "credential.helper=/workspace/cargo-home/bin/git-credential-null" "clone" "--bare" "https://github.com/gswirski/blobby_volley" "/workspace/cache/git-repos/https%3A%2F%2Fgithub.com%2Fgswirski%2Fblobby_volley", kill_on_drop: false }`
[INFO] [stderr] Cloning into bare repository '/workspace/cache/git-repos/https%3A%2F%2Fgithub.com%2Fgswirski%2Fblobby_volley'...
[INFO] running `Command { std: "git" "rev-parse" "HEAD", kill_on_drop: false }`
[INFO] [stdout] 3f822fa5cd36ee05b63d98137cf0409e257ab88d
[INFO] checking gswirski/blobby_volley against try#72f88fc4e9458f89516a0b8b0868f3718aec5b47 for pr-74989
[INFO] running `Command { std: "git" "clone" "/workspace/cache/git-repos/https%3A%2F%2Fgithub.com%2Fgswirski%2Fblobby_volley" "/workspace/builds/worker-0/source", kill_on_drop: false }`
[INFO] [stderr] Cloning into '/workspace/builds/worker-0/source'...
[INFO] [stderr] done.
[INFO] validating manifest of git repo https://github.com/gswirski/blobby_volley on toolchain 72f88fc4e9458f89516a0b8b0868f3718aec5b47
[INFO] running `Command { std: "/workspace/cargo-home/bin/cargo" "+72f88fc4e9458f89516a0b8b0868f3718aec5b47" "read-manifest" "--manifest-path" "Cargo.toml", kill_on_drop: false }`
[INFO] started tweaking git repo https://github.com/gswirski/blobby_volley
[INFO] finished tweaking git repo https://github.com/gswirski/blobby_volley
[INFO] tweaked toml for git repo https://github.com/gswirski/blobby_volley written to /workspace/builds/worker-0/source/Cargo.toml
[INFO] crate git repo https://github.com/gswirski/blobby_volley already has a lockfile, it will not be regenerated
[INFO] running `Command { std: "/workspace/cargo-home/bin/cargo" "+72f88fc4e9458f89516a0b8b0868f3718aec5b47" "fetch" "--locked" "--manifest-path" "Cargo.toml", kill_on_drop: false }`
[INFO] [stderr] warning: An explicit [[bin]] section is specified in Cargo.toml which currently
[INFO] [stderr] disables Cargo from automatically inferring other binary targets.
[INFO] [stderr] This inference behavior will change in the Rust 2018 edition and the following
[INFO] [stderr] files will be included as a binary target:
[INFO] [stderr] 
[INFO] [stderr] * /workspace/builds/worker-0/source/src/main.rs
[INFO] [stderr] 
[INFO] [stderr] This is likely to break cargo build or cargo test as these files may not be
[INFO] [stderr] ready to be compiled as a binary target today. You can future-proof yourself
[INFO] [stderr] and disable this warning by adding `autobins = false` to your [package]
[INFO] [stderr] section. You may also move the files to a location where Cargo would not
[INFO] [stderr] automatically infer them to be a target, such as in subfolders.
[INFO] [stderr] 
[INFO] [stderr] For more information on this warning you can consult
[INFO] [stderr] https://github.com/rust-lang/cargo/issues/5330
[INFO] [stderr] warning: path `/workspace/builds/worker-0/source/src/main.rs` was erroneously implicitly accepted for binary `blobby`,
[INFO] [stderr] please set bin.path in Cargo.toml
[INFO] [stderr] warning: dependency (gl) specified without providing a local path, Git repository, or version to use. This will be considered an error in future versions
[INFO] [stderr]     Blocking waiting for file lock on package cache
[INFO] [stderr]     Updating git repository `https://github.com/tomaka/glutin`
[INFO] [stderr]     Updating git repository `https://github.com/tomaka/android-rs-glue`
[INFO] [stderr]     Updating git repository `https://github.com/servo/rust-cocoa`
[INFO] [stderr]     Updating git repository `https://github.com/servo/rust-core-foundation`
[INFO] [stderr]     Updating git repository `https://github.com/servo/rust-core-graphics`
[INFO] [stderr] error: the lock file /workspace/builds/worker-0/source/Cargo.lock needs to be updated but --locked was passed to prevent this
[INFO] [stderr] If you want to try to generate the lock file without accessing the network, use the --offline flag.
[INFO] the lockfile is outdated, regenerating it
[INFO] running `Command { std: "/workspace/cargo-home/bin/cargo" "+72f88fc4e9458f89516a0b8b0868f3718aec5b47" "generate-lockfile" "--manifest-path" "Cargo.toml" "-Zno-index-update", kill_on_drop: false }`
[INFO] [stderr]     Blocking waiting for file lock on package cache
[INFO] [stderr]     Updating git repository `https://github.com/tomaka/glutin`
[INFO] running `Command { std: "/workspace/cargo-home/bin/cargo" "+72f88fc4e9458f89516a0b8b0868f3718aec5b47" "fetch" "--locked" "--manifest-path" "Cargo.toml", kill_on_drop: false }`
[INFO] [stderr] warning: An explicit [[bin]] section is specified in Cargo.toml which currently
[INFO] [stderr] disables Cargo from automatically inferring other binary targets.
[INFO] [stderr] This inference behavior will change in the Rust 2018 edition and the following
[INFO] [stderr] files will be included as a binary target:
[INFO] [stderr] 
[INFO] [stderr] * /workspace/builds/worker-0/source/src/main.rs
[INFO] [stderr] 
[INFO] [stderr] This is likely to break cargo build or cargo test as these files may not be
[INFO] [stderr] ready to be compiled as a binary target today. You can future-proof yourself
[INFO] [stderr] and disable this warning by adding `autobins = false` to your [package]
[INFO] [stderr] section. You may also move the files to a location where Cargo would not
[INFO] [stderr] automatically infer them to be a target, such as in subfolders.
[INFO] [stderr] 
[INFO] [stderr] For more information on this warning you can consult
[INFO] [stderr] https://github.com/rust-lang/cargo/issues/5330
[INFO] [stderr] warning: path `/workspace/builds/worker-0/source/src/main.rs` was erroneously implicitly accepted for binary `blobby`,
[INFO] [stderr] please set bin.path in Cargo.toml
[INFO] [stderr] warning: dependency (gl) specified without providing a local path, Git repository, or version to use. This will be considered an error in future versions
[INFO] [stderr]     Blocking waiting for file lock on package cache
[INFO] [stderr]     Blocking waiting for file lock on package cache
[INFO] [stderr]  Downloading crates ...
[INFO] [stderr]   Downloaded calloop v0.4.4
[INFO] [stderr]   Downloaded wayland-client v0.23.6
[INFO] [stderr]   Downloaded jni-sys v0.3.0
[INFO] [stderr]   Downloaded x11-dl v2.18.5
[INFO] [stderr]   Downloaded rusttype v0.8.3
[INFO] [stderr]   Downloaded nix v0.17.0
[INFO] [stderr]   Downloaded wayland-client v0.27.0
[INFO] [stderr]   Downloaded derivative v2.1.1
[INFO] [stderr]   Downloaded instant v0.1.6
[INFO] [stderr]   Downloaded lazycell v1.3.0
[INFO] [stderr]   Downloaded libloading v0.6.3
[INFO] [stderr]   Downloaded ndk v0.1.0
[INFO] [stderr]   Downloaded net2 v0.2.35
[INFO] [stderr]   Downloaded core-graphics v0.19.2
[INFO] [stderr]   Downloaded android_log-sys v0.1.2
[INFO] [stderr]   Downloaded proc-macro-crate v0.1.5
[INFO] [stderr]   Downloaded parking_lot_core v0.7.2
[INFO] [stderr]   Downloaded dispatch v0.2.0
[INFO] [stderr]   Downloaded parking_lot v0.10.2
[INFO] [stderr]   Downloaded wayland-scanner v0.27.0
[INFO] [stderr]   Downloaded num_enum_derive v0.4.3
[INFO] [stderr]   Downloaded once_cell v1.4.1
[INFO] [stderr]   Downloaded num_enum v0.4.3
[INFO] [stderr]   Downloaded smallvec v1.4.2
[INFO] [stderr]   Downloaded ndk-glue v0.1.0
[INFO] [stderr]   Downloaded ordered-float v1.1.0
[INFO] [stderr]   Downloaded lock_api v0.3.4
[INFO] [stderr]   Downloaded ndk-sys v0.1.0
[INFO] [stderr]   Downloaded cgl v0.3.2
[INFO] [stderr]   Downloaded core-video-sys v0.1.4
[INFO] [stderr]   Downloaded raw-window-handle v0.3.3
[INFO] [stderr]   Downloaded wayland-protocols v0.23.6
[INFO] [stderr]   Downloaded mio-extras v2.0.6
[INFO] [stderr]   Downloaded smithay-client-toolkit v0.6.6
[INFO] [stderr]   Downloaded wayland-sys v0.27.0
[INFO] [stderr]   Downloaded wayland-egl v0.27.0
[INFO] [stderr]   Downloaded cocoa v0.20.2
[INFO] [stderr]   Downloaded wayland-commons v0.27.0
[INFO] [stderr]   Downloaded wayland-commons v0.23.6
[INFO] [stderr]   Downloaded wayland-sys v0.23.6
[INFO] [stderr]   Downloaded downcast-rs v1.2.0
[INFO] [stderr]   Downloaded dlib v0.4.2
[INFO] [stderr]   Downloaded wayland-scanner v0.23.6
[INFO] [stderr]   Downloaded winit v0.22.2
[INFO] running `Command { std: "docker" "create" "-v" "/var/lib/crater-agent-workspace/builds/worker-0/target:/opt/rustwide/target:rw,Z" "-v" "/var/lib/crater-agent-workspace/builds/worker-0/source:/opt/rustwide/workdir:ro,Z" "-v" "/var/lib/crater-agent-workspace/cargo-home:/opt/rustwide/cargo-home:ro,Z" "-v" "/var/lib/crater-agent-workspace/rustup-home:/opt/rustwide/rustup-home:ro,Z" "-e" "SOURCE_DIR=/opt/rustwide/workdir" "-e" "CARGO_TARGET_DIR=/opt/rustwide/target" "-e" "CARGO_HOME=/opt/rustwide/cargo-home" "-e" "RUSTUP_HOME=/opt/rustwide/rustup-home" "-w" "/opt/rustwide/workdir" "-m" "1610612736" "--user" "0:0" "--network" "none" "rustops/crates-build-env@sha256:d92eaeed33fa75130ca1ee6c8a01d1ffb62bac859dfdfb3450e3e5d1c0146529" "/opt/rustwide/cargo-home/bin/cargo" "+72f88fc4e9458f89516a0b8b0868f3718aec5b47" "metadata" "--no-deps" "--format-version=1", kill_on_drop: false }`
[INFO] [stdout] 493bb5ad3b8c0a5abfcd97eee9d12e40d65e839ea5ba6f2634ae0bc6add70f27
[INFO] [stderr] WARNING: Your kernel does not support swap limit capabilities or the cgroup is not mounted. Memory limited without swap.
[INFO] running `Command { std: "docker" "start" "-a" "493bb5ad3b8c0a5abfcd97eee9d12e40d65e839ea5ba6f2634ae0bc6add70f27", kill_on_drop: false }`
[INFO] running `Command { std: "docker" "inspect" "493bb5ad3b8c0a5abfcd97eee9d12e40d65e839ea5ba6f2634ae0bc6add70f27", kill_on_drop: false }`
[INFO] running `Command { std: "docker" "rm" "-f" "493bb5ad3b8c0a5abfcd97eee9d12e40d65e839ea5ba6f2634ae0bc6add70f27", kill_on_drop: false }`
[INFO] [stdout] 493bb5ad3b8c0a5abfcd97eee9d12e40d65e839ea5ba6f2634ae0bc6add70f27
[INFO] running `Command { std: "docker" "create" "-v" "/var/lib/crater-agent-workspace/builds/worker-0/target:/opt/rustwide/target:rw,Z" "-v" "/var/lib/crater-agent-workspace/builds/worker-0/source:/opt/rustwide/workdir:ro,Z" "-v" "/var/lib/crater-agent-workspace/cargo-home:/opt/rustwide/cargo-home:ro,Z" "-v" "/var/lib/crater-agent-workspace/rustup-home:/opt/rustwide/rustup-home:ro,Z" "-e" "SOURCE_DIR=/opt/rustwide/workdir" "-e" "CARGO_TARGET_DIR=/opt/rustwide/target" "-e" "CARGO_INCREMENTAL=0" "-e" "RUST_BACKTRACE=full" "-e" "RUSTFLAGS=--cap-lints=forbid" "-e" "CARGO_HOME=/opt/rustwide/cargo-home" "-e" "RUSTUP_HOME=/opt/rustwide/rustup-home" "-w" "/opt/rustwide/workdir" "-m" "1610612736" "--user" "0:0" "--network" "none" "rustops/crates-build-env@sha256:d92eaeed33fa75130ca1ee6c8a01d1ffb62bac859dfdfb3450e3e5d1c0146529" "/opt/rustwide/cargo-home/bin/cargo" "+72f88fc4e9458f89516a0b8b0868f3718aec5b47" "check" "--frozen" "--all" "--all-targets" "--message-format=json", kill_on_drop: false }`
[INFO] [stderr] WARNING: Your kernel does not support swap limit capabilities or the cgroup is not mounted. Memory limited without swap.
[INFO] [stdout] ae1e9d27defb912b90c54580b22343dde043bc323632ef75151b4000ded30135
[INFO] running `Command { std: "docker" "start" "-a" "ae1e9d27defb912b90c54580b22343dde043bc323632ef75151b4000ded30135", kill_on_drop: false }`
[INFO] [stderr] warning: An explicit [[bin]] section is specified in Cargo.toml which currently
[INFO] [stderr] disables Cargo from automatically inferring other binary targets.
[INFO] [stderr] This inference behavior will change in the Rust 2018 edition and the following
[INFO] [stderr] files will be included as a binary target:
[INFO] [stderr] 
[INFO] [stderr] * /opt/rustwide/workdir/src/main.rs
[INFO] [stderr] 
[INFO] [stderr] This is likely to break cargo build or cargo test as these files may not be
[INFO] [stderr] ready to be compiled as a binary target today. You can future-proof yourself
[INFO] [stderr] and disable this warning by adding `autobins = false` to your [package]
[INFO] [stderr] section. You may also move the files to a location where Cargo would not
[INFO] [stderr] automatically infer them to be a target, such as in subfolders.
[INFO] [stderr] 
[INFO] [stderr] For more information on this warning you can consult
[INFO] [stderr] https://github.com/rust-lang/cargo/issues/5330
[INFO] [stderr] warning: path `/opt/rustwide/workdir/src/main.rs` was erroneously implicitly accepted for binary `blobby`,
[INFO] [stderr] please set bin.path in Cargo.toml
[INFO] [stderr] warning: dependency (gl) specified without providing a local path, Git repository, or version to use. This will be considered an error in future versions
[INFO] [stderr]    Compiling libc v0.2.77
[INFO] [stderr]     Checking cfg-if v0.1.10
[INFO] [stderr]    Compiling log v0.4.11
[INFO] [stderr]    Compiling bitflags v1.2.1
[INFO] [stderr]     Checking lazy_static v1.4.0
[INFO] [stderr]    Compiling libloading v0.6.3
[INFO] [stderr]    Compiling autocfg v1.0.1
[INFO] [stderr]    Compiling byteorder v1.3.4
[INFO] [stderr]    Compiling proc-macro2 v1.0.21
[INFO] [stderr]     Checking slab v0.4.2
[INFO] [stderr]    Compiling unicode-xid v0.2.1
[INFO] [stderr]     Checking smallvec v1.4.2
[INFO] [stderr]    Compiling maybe-uninit v2.0.0
[INFO] [stderr]     Checking same-file v1.0.6
[INFO] [stderr]     Checking scopeguard v1.1.0
[INFO] [stderr]     Checking instant v0.1.6
[INFO] [stderr]    Compiling wayland-sys v0.27.0
[INFO] [stderr]    Compiling proc-macro2 v0.4.30
[INFO] [stderr]     Checking lock_api v0.3.4
[INFO] [stderr]     Checking walkdir v2.3.1
[INFO] [stderr]    Compiling num-traits v0.2.12
[INFO] [stderr]     Checking dlib v0.4.2
[INFO] [stderr]    Compiling gl_generator v0.14.0
[INFO] [stderr]     Checking wayland-sys v0.23.6
[INFO] [stderr]     Checking stb_truetype v0.3.1
[INFO] [stderr]    Compiling quote v0.6.13
[INFO] [stderr]    Compiling quote v1.0.7
[INFO] [stderr]    Compiling wayland-scanner v0.23.6
[INFO] [stderr]    Compiling wayland-scanner v0.27.0
[INFO] [stderr]     Checking approx v0.3.2
[INFO] [stderr]     Checking ordered-float v1.1.0
[INFO] [stderr]     Checking line_drawing v0.7.0
[INFO] [stderr]    Compiling glutin_glx_sys v0.1.7 (https://github.com/tomaka/glutin#63a1ea7d)
[INFO] [stderr]    Compiling glutin_egl_sys v0.1.5 (https://github.com/tomaka/glutin#63a1ea7d)
[INFO] [stderr]    Compiling gl v0.14.0
[INFO] [stderr]     Checking rusttype v0.8.3
[INFO] [stderr]     Checking rusttype v0.7.9
[INFO] [stderr]     Checking andrew v0.2.1
[INFO] [stderr]     Checking net2 v0.2.35
[INFO] [stderr]     Checking iovec v0.1.4
[INFO] [stderr]     Checking nix v0.14.1
[INFO] [stderr]     Checking nix v0.17.0
[INFO] [stderr]     Checking x11-dl v2.18.5
[INFO] [stderr]     Checking parking_lot_core v0.7.2
[INFO] [stderr]     Checking memmap v0.7.0
[INFO] [stderr]     Checking raw-window-handle v0.3.3
[INFO] [stderr]     Checking shared_library v0.1.9
[INFO] [stderr]    Compiling wayland-client v0.27.0
[INFO] [stderr]     Checking osmesa-sys v0.1.2
[INFO] [stderr]     Checking mio v0.6.22
[INFO] [stderr]     Checking parking_lot v0.10.2
[INFO] [stderr]    Compiling wayland-client v0.23.6
[INFO] [stderr]    Compiling wayland-protocols v0.23.6
[INFO] [stderr]     Checking mio-extras v2.0.6
[INFO] [stderr]     Checking wayland-commons v0.23.6
[INFO] [stderr]     Checking calloop v0.4.4
[INFO] [stderr]     Checking wayland-commons v0.27.0
[INFO] [stderr]     Checking wayland-egl v0.27.0
[INFO] [stderr]     Checking smithay-client-toolkit v0.6.6
[INFO] [stderr]     Checking winit v0.22.2
[INFO] [stderr]     Checking glutin v0.24.1 (https://github.com/tomaka/glutin#63a1ea7d)
[INFO] [stderr]     Checking blobby_volley v0.0.1 (/opt/rustwide/workdir)
[INFO] [stdout] error: invalid suffix `is` for integer literal
[INFO] [stdout]   --> src/renderer.rs:50:21
[INFO] [stdout]    |
[INFO] [stdout] 50 |     let precision = 400is;
[INFO] [stdout]    |                     ^^^^^ invalid suffix `is`
[INFO] [stdout]    |
[INFO] [stdout]    = help: the suffix must be one of the integral types (`u32`, `isize`, etc)
[INFO] [stdout] 
[INFO] [stdout] 
[INFO] [stdout] error: invalid suffix `is` for integer literal
[INFO] [stdout]   --> src/renderer.rs:50:21
[INFO] [stdout]    |
[INFO] [stdout] 50 |     let precision = 400is;
[INFO] [stdout]    |                     ^^^^^ invalid suffix `is`
[INFO] [stdout]    |
[INFO] [stdout]    = help: the suffix must be one of the integral types (`u32`, `isize`, etc)
[INFO] [stdout] 
[INFO] [stdout] 
[INFO] [stdout] error[E0432]: unresolved imports `glutin::ElementState`, `glutin::Event`, `glutin::VirtualKeyCode`
[INFO] [stdout]  --> src/os.rs:4:5
[INFO] [stdout]   |
[INFO] [stdout] 4 |     ElementState,
[INFO] [stdout]   |     ^^^^^^^^^^^^ no `ElementState` in the root
[INFO] [stdout] 5 |     Event,
[INFO] [stdout]   |     ^^^^^
[INFO] [stdout]   |     |
[INFO] [stdout]   |     no `Event` in the root
[INFO] [stdout]   |     help: a similar name exists in the module: `event`
[INFO] [stdout] 6 |     VirtualKeyCode,
[INFO] [stdout]   |     ^^^^^^^^^^^^^^ no `VirtualKeyCode` in the root
[INFO] [stdout] 
[INFO] [stdout] 
[INFO] [stdout] error[E0432]: unresolved import `std::num::Float`
[INFO] [stdout]  --> src/geom.rs:1:5
[INFO] [stdout]   |
[INFO] [stdout] 1 | use std::num::Float;
[INFO] [stdout]   |     ^^^^^^^^^^^^^^^ no `Float` in `num`
[INFO] [stdout] 
[INFO] [stdout] 
[INFO] [stdout] error[E0432]: unresolved import `std::num::Float`
[INFO] [stdout]  --> src/physics.rs:2:5
[INFO] [stdout]   |
[INFO] [stdout] 2 | use std::num::Float;
[INFO] [stdout]   |     ^^^^^^^^^^^^^^^ no `Float` in `num`
[INFO] [stdout] 
[INFO] [stdout] 
[INFO] [stdout] error[E0432]: unresolved import `std::num::Float`
[INFO] [stdout]  --> src/game.rs:4:5
[INFO] [stdout]   |
[INFO] [stdout] 4 | use std::num::Float;
[INFO] [stdout]   |     ^^^^^^^^^^^^^^^ no `Float` in `num`
[INFO] [stdout] 
[INFO] [stdout] 
[INFO] [stdout] error[E0432]: unresolved import `glutin::VirtualKeyCode`
[INFO] [stdout]  --> src/game.rs:5:5
[INFO] [stdout]   |
[INFO] [stdout] 5 | use glutin::VirtualKeyCode;
[INFO] [stdout]   |     ^^^^^^^^^^^^^^^^^^^^^^ no `VirtualKeyCode` in the root
[INFO] [stdout] 
[INFO] [stdout] 
[INFO] [stdout] error[E0432]: unresolved import `std::num::Float`
[INFO] [stdout]  --> src/renderer.rs:4:5
[INFO] [stdout]   |
[INFO] [stdout] 4 | use std::num::Float;
[INFO] [stdout]   |     ^^^^^^^^^^^^^^^ no `Float` in `num`
[INFO] [stdout] 
[INFO] [stdout] 
[INFO] [stdout] error[E0432]: unresolved imports `glutin::ElementState`, `glutin::Event`, `glutin::VirtualKeyCode`
[INFO] [stdout]  --> src/os.rs:4:5
[INFO] [stdout]   |
[INFO] [stdout] 4 |     ElementState,
[INFO] [stdout]   |     ^^^^^^^^^^^^ no `ElementState` in the root
[INFO] [stdout] 5 |     Event,
[INFO] [stdout]   |     ^^^^^
[INFO] [stdout]   |     |
[INFO] [stdout]   |     no `Event` in the root
[INFO] [stdout]   |     help: a similar name exists in the module: `event`
[INFO] [stdout] 6 |     VirtualKeyCode,
[INFO] [stdout]   |     ^^^^^^^^^^^^^^ no `VirtualKeyCode` in the root
[INFO] [stdout] 
[INFO] [stdout] 
[INFO] [stdout] error[E0432]: unresolved import `std::num::Float`
[INFO] [stdout]  --> src/geom.rs:1:5
[INFO] [stdout]   |
[INFO] [stdout] 1 | use std::num::Float;
[INFO] [stdout]   |     ^^^^^^^^^^^^^^^ no `Float` in `num`
[INFO] [stdout] 
[INFO] [stdout] 
[INFO] [stdout] error[E0432]: unresolved import `std::num::Float`
[INFO] [stdout]  --> src/physics.rs:2:5
[INFO] [stdout]   |
[INFO] [stdout] 2 | use std::num::Float;
[INFO] [stdout]   |     ^^^^^^^^^^^^^^^ no `Float` in `num`
[INFO] [stdout] 
[INFO] [stdout] 
[INFO] [stdout] error[E0432]: unresolved import `std::num::Float`
[INFO] [stdout]  --> src/game.rs:4:5
[INFO] [stdout]   |
[INFO] [stdout] 4 | use std::num::Float;
[INFO] [stdout]   |     ^^^^^^^^^^^^^^^ no `Float` in `num`
[INFO] [stdout] 
[INFO] [stdout] 
[INFO] [stdout] error[E0432]: unresolved import `glutin::VirtualKeyCode`
[INFO] [stdout]  --> src/game.rs:5:5
[INFO] [stdout]   |
[INFO] [stdout] 5 | use glutin::VirtualKeyCode;
[INFO] [stdout]   |     ^^^^^^^^^^^^^^^^^^^^^^ no `VirtualKeyCode` in the root
[INFO] [stdout] 
[INFO] [stdout] 
[INFO] [stdout] error[E0432]: unresolved import `std::num::Float`
[INFO] [stdout]  --> src/renderer.rs:4:5
[INFO] [stdout]   |
[INFO] [stdout] 4 | use std::num::Float;
[INFO] [stdout]   |     ^^^^^^^^^^^^^^^ no `Float` in `num`
[INFO] [stdout] 
[INFO] [stdout] 
[INFO] [stdout] error[E0412]: cannot find type `Window` in crate `glutin`
[INFO] [stdout]   --> src/os.rs:10:25
[INFO] [stdout]    |
[INFO] [stdout] 10 |     pub window: glutin::Window,
[INFO] [stdout]    |                         ^^^^^^ not found in `glutin`
[INFO] [stdout]    |
[INFO] [stdout] help: consider importing one of these items
[INFO] [stdout]    |
[INFO] [stdout] 1  | use glutin::platform::unix::x11::Window;
[INFO] [stdout]    |
[INFO] [stdout] 1  | use glutin::platform::unix::x11::ffi::Window;
[INFO] [stdout]    |
[INFO] [stdout] 1  | use glutin::window::Window;
[INFO] [stdout]    |
[INFO] [stdout] 
[INFO] [stdout] 
[INFO] [stdout] error[E0433]: failed to resolve: could not find `WindowBuilder` in `glutin`
[INFO] [stdout]   --> src/os.rs:18:30
[INFO] [stdout]    |
[INFO] [stdout] 18 |         let window = glutin::WindowBuilder::new()
[INFO] [stdout]    |                              ^^^^^^^^^^^^^ not found in `glutin`
[INFO] [stdout]    |
[INFO] [stdout] help: consider importing this struct
[INFO] [stdout]    |
[INFO] [stdout] 1  | use glutin::window::WindowBuilder;
[INFO] [stdout]    |
[INFO] [stdout] 
[INFO] [stdout] 
[INFO] [stdout] error[E0425]: cannot find function `load` in crate `gl`
[INFO] [stdout]   --> src/graphics.rs:15:9
[INFO] [stdout]    |
[INFO] [stdout] 15 |     gl::load(&window.window);
[INFO] [stdout]    |         ^^^^ not found in `gl`
[INFO] [stdout] 
[INFO] [stdout] 
[INFO] [stdout] error[E0412]: cannot find type `Window` in crate `glutin`
[INFO] [stdout]   --> src/os.rs:10:25
[INFO] [stdout]    |
[INFO] [stdout] 10 |     pub window: glutin::Window,
[INFO] [stdout]    |                         ^^^^^^ not found in `glutin`
[INFO] [stdout]    |
[INFO] [stdout] help: consider importing one of these items
[INFO] [stdout]    |
[INFO] [stdout] 1  | use glutin::platform::unix::x11::Window;
[INFO] [stdout]    |
[INFO] [stdout] 1  | use glutin::platform::unix::x11::ffi::Window;
[INFO] [stdout]    |
[INFO] [stdout] 1  | use glutin::window::Window;
[INFO] [stdout]    |
[INFO] [stdout] 
[INFO] [stdout] 
[INFO] [stdout] error[E0433]: failed to resolve: could not find `WindowBuilder` in `glutin`
[INFO] [stdout]   --> src/os.rs:18:30
[INFO] [stdout]    |
[INFO] [stdout] 18 |         let window = glutin::WindowBuilder::new()
[INFO] [stdout]    |                              ^^^^^^^^^^^^^ not found in `glutin`
[INFO] [stdout]    |
[INFO] [stdout] help: consider importing this struct
[INFO] [stdout]    |
[INFO] [stdout] 1  | use glutin::window::WindowBuilder;
[INFO] [stdout]    |
[INFO] [stdout] 
[INFO] [stdout] 
[INFO] [stdout] error[E0425]: cannot find function `load` in crate `gl`
[INFO] [stdout]   --> src/graphics.rs:15:9
[INFO] [stdout]    |
[INFO] [stdout] 15 |     gl::load(&window.window);
[INFO] [stdout]    |         ^^^^ not found in `gl`
[INFO] [stdout] 
[INFO] [stdout] 
[INFO] [stdout] error[E0599]: no method named `push_all` found for struct `Vec<f32>` in the current scope
[INFO] [stdout]  --> src/renderer.rs:8:14
[INFO] [stdout]   |
[INFO] [stdout] 8 |     vertices.push_all(&render_player(&world.player)[..]);
[INFO] [stdout]   |              ^^^^^^^^ method not found in `Vec<f32>`
[INFO] [stdout] 
[INFO] [stdout] 
[INFO] [stdout] error[E0599]: no method named `push_all` found for struct `Vec<f32>` in the current scope
[INFO] [stdout]  --> src/renderer.rs:9:14
[INFO] [stdout]   |
[INFO] [stdout] 9 |     vertices.push_all(&render_player(&world.opponent)[..]);
[INFO] [stdout]   |              ^^^^^^^^ method not found in `Vec<f32>`
[INFO] [stdout] 
[INFO] [stdout] 
[INFO] [stdout] error[E0599]: no method named `push_all` found for struct `Vec<f32>` in the current scope
[INFO] [stdout]   --> src/renderer.rs:10:14
[INFO] [stdout]    |
[INFO] [stdout] 10 |     vertices.push_all(&render_ball(&world.ball)[..]);
[INFO] [stdout]    |              ^^^^^^^^ method not found in `Vec<f32>`
[INFO] [stdout] 
[INFO] [stdout] 
[INFO] [stdout] error[E0599]: no method named `push_all` found for struct `Vec<f32>` in the current scope
[INFO] [stdout]  --> src/renderer.rs:8:14
[INFO] [stdout]   |
[INFO] [stdout] 8 |     vertices.push_all(&render_player(&world.player)[..]);
[INFO] [stdout]   |              ^^^^^^^^ method not found in `Vec<f32>`
[INFO] [stdout] 
[INFO] [stdout] 
[INFO] [stdout] error[E0599]: no method named `push_all` found for struct `Vec<f32>` in the current scope
[INFO] [stdout]   --> src/renderer.rs:11:14
[INFO] [stdout]    |
[INFO] [stdout] 11 |     vertices.push_all(&render_net()[..]);
[INFO] [stdout]    |              ^^^^^^^^ method not found in `Vec<f32>`
[INFO] [stdout] 
[INFO] [stdout] 
[INFO] [stdout] error[E0599]: no method named `push_all` found for struct `Vec<f32>` in the current scope
[INFO] [stdout]  --> src/renderer.rs:9:14
[INFO] [stdout]   |
[INFO] [stdout] 9 |     vertices.push_all(&render_player(&world.opponent)[..]);
[INFO] [stdout]   |              ^^^^^^^^ method not found in `Vec<f32>`
[INFO] [stdout] 
[INFO] [stdout] 
[INFO] [stdout] error[E0599]: no method named `map_in_place` found for struct `Vec<f32>` in the current scope
[INFO] [stdout]   --> src/renderer.rs:15:14
[INFO] [stdout]    |
[INFO] [stdout] 15 |     vertices.map_in_place(|v| {
[INFO] [stdout]    |              ^^^^^^^^^^^^ method not found in `Vec<f32>`
[INFO] [stdout] 
[INFO] [stdout] 
[INFO] [stdout] error[E0599]: no method named `push_all` found for struct `Vec<f32>` in the current scope
[INFO] [stdout]   --> src/renderer.rs:10:14
[INFO] [stdout]    |
[INFO] [stdout] 10 |     vertices.push_all(&render_ball(&world.ball)[..]);
[INFO] [stdout]    |              ^^^^^^^^ method not found in `Vec<f32>`
[INFO] [stdout] 
[INFO] [stdout] 
[INFO] [stdout] error[E0599]: no method named `push_all` found for struct `Vec<f32>` in the current scope
[INFO] [stdout]   --> src/renderer.rs:11:14
[INFO] [stdout]    |
[INFO] [stdout] 11 |     vertices.push_all(&render_net()[..]);
[INFO] [stdout]    |              ^^^^^^^^ method not found in `Vec<f32>`
[INFO] [stdout] 
[INFO] [stdout] 
[INFO] [stdout] error[E0599]: no method named `push_all` found for struct `Vec<f32>` in the current scope
[INFO] [stdout]   --> src/renderer.rs:38:14
[INFO] [stdout]    |
[INFO] [stdout] 38 |     vertices.push_all(&render_circle(player.x, player.y, 0.13)[..]);
[INFO] [stdout]    |              ^^^^^^^^ method not found in `Vec<f32>`
[INFO] [stdout] 
[INFO] [stdout] 
[INFO] [stdout] error[E0599]: no method named `map_in_place` found for struct `Vec<f32>` in the current scope
[INFO] [stdout]   --> src/renderer.rs:15:14
[INFO] [stdout]    |
[INFO] [stdout] 15 |     vertices.map_in_place(|v| {
[INFO] [stdout]    |              ^^^^^^^^^^^^ method not found in `Vec<f32>`
[INFO] [stdout] 
[INFO] [stdout] 
[INFO] [stdout] error[E0599]: no method named `push_all` found for struct `Vec<f32>` in the current scope
[INFO] [stdout]   --> src/renderer.rs:39:14
[INFO] [stdout]    |
[INFO] [stdout] 39 |     vertices.push_all(&render_circle(player.x, player.y + 0.13, 0.1)[..]);
[INFO] [stdout]    |              ^^^^^^^^ method not found in `Vec<f32>`
[INFO] [stdout] 
[INFO] [stdout] 
[INFO] [stdout] error[E0599]: no method named `push_all` found for struct `Vec<f32>` in the current scope
[INFO] [stdout]   --> src/renderer.rs:38:14
[INFO] [stdout]    |
[INFO] [stdout] 38 |     vertices.push_all(&render_circle(player.x, player.y, 0.13)[..]);
[INFO] [stdout]    |              ^^^^^^^^ method not found in `Vec<f32>`
[INFO] [stdout] 
[INFO] [stdout] 
[INFO] [stdout] error[E0599]: no method named `push_all` found for struct `Vec<f32>` in the current scope
[INFO] [stdout]   --> src/renderer.rs:39:14
[INFO] [stdout]    |
[INFO] [stdout] 39 |     vertices.push_all(&render_circle(player.x, player.y + 0.13, 0.1)[..]);
[INFO] [stdout]    |              ^^^^^^^^ method not found in `Vec<f32>`
[INFO] [stdout] 
[INFO] [stdout] 
[INFO] [stdout] error[E0599]: no function or associated item named `from_slice` found for struct `CString` in the current scope
[INFO] [stdout]   --> src/graphics.rs:32:71
[INFO] [stdout]    |
[INFO] [stdout] 32 |         let pos_attr = gl::GetAttribLocation(shader_program, CString::from_slice("position".as_bytes()).as_ptr());
[INFO] [stdout]    |                                                                       ^^^^^^^^^^ function or associated item not found in `CString`
[INFO] [stdout] 
[INFO] [stdout] 
[INFO] [stdout] error[E0599]: no function or associated item named `from_slice` found for struct `CString` in the current scope
[INFO] [stdout]   --> src/graphics.rs:77:47
[INFO] [stdout]    |
[INFO] [stdout] 77 |         gl::ShaderSource(shader, 1, &CString::from_slice(src.as_bytes()).as_ptr(), ptr::null());
[INFO] [stdout]    |                                               ^^^^^^^^^^ function or associated item not found in `CString`
[INFO] [stdout] 
[INFO] [stdout] 
[INFO] [stdout] error[E0599]: no function or associated item named `from_slice` found for struct `CString` in the current scope
[INFO] [stdout]   --> src/graphics.rs:32:71
[INFO] [stdout]    |
[INFO] [stdout] 32 |         let pos_attr = gl::GetAttribLocation(shader_program, CString::from_slice("position".as_bytes()).as_ptr());
[INFO] [stdout]    |                                                                       ^^^^^^^^^^ function or associated item not found in `CString`
[INFO] [stdout] 
[INFO] [stdout] 
[INFO] [stdout] error[E0599]: no function or associated item named `from_slice` found for struct `CString` in the current scope
[INFO] [stdout]   --> src/graphics.rs:77:47
[INFO] [stdout]    |
[INFO] [stdout] 77 |         gl::ShaderSource(shader, 1, &CString::from_slice(src.as_bytes()).as_ptr(), ptr::null());
[INFO] [stdout]    |                                               ^^^^^^^^^^ function or associated item not found in `CString`
[INFO] [stdout] 
[INFO] [stdout] 
[INFO] [stdout] error: aborting due to 19 previous errors
[INFO] [stdout] 
[INFO] [stdout] 
[INFO] [stdout] Some errors have detailed explanations: E0412, E0425, E0432, E0433, E0599.
[INFO] [stdout] 
[INFO] [stdout] For more information about an error, try `rustc --explain E0412`.
[INFO] [stdout] 
[INFO] [stdout] error: aborting due to 19 previous errors
[INFO] [stdout] 
[INFO] [stdout] 
[INFO] [stdout] Some errors have detailed explanations: E0412, E0425, E0432, E0433, E0599.
[INFO] [stdout] 
[INFO] [stdout] For more information about an error, try `rustc --explain E0412`.
[INFO] [stdout] 
[INFO] [stderr] error: could not compile `blobby_volley`.
[INFO] [stderr] 
[INFO] [stderr] To learn more, run the command again with --verbose.
[INFO] [stderr] warning: build failed, waiting for other jobs to finish...
[INFO] [stderr] error: build failed
[INFO] running `Command { std: "docker" "inspect" "ae1e9d27defb912b90c54580b22343dde043bc323632ef75151b4000ded30135", kill_on_drop: false }`
[INFO] running `Command { std: "docker" "rm" "-f" "ae1e9d27defb912b90c54580b22343dde043bc323632ef75151b4000ded30135", kill_on_drop: false }`
[INFO] [stdout] ae1e9d27defb912b90c54580b22343dde043bc323632ef75151b4000ded30135
